-3 - (3 + -3)).
34
Calculate 10 - ((0 - (-21 + -1)) + (-309 - -311)).
-14
Calculate 10 + (-67 - 6 - -4 - (-47 + 67)).
-79
What is the value of -5258 + 5141 + (-2 - -104)?
-15
(11 - 22) + -43 + -30 + (66 - 24)
-42
What is the value of -299 - -235 - -71 - (132 - 0)?
-125
18 - (-22 - -16) - (-24 + 101)
-53
Evaluate -1 + (25 - -34 - 70).
-12
Calculate -29 + -28 + 53 + (0 - 25) + -12.
-41
Evaluate -87 + (7 - 2 - (176 - 176)).
-82
What is (0 - (2 - (62 - -1))) + (-4294 - -4289)?
56
What is (-7 - (-17 + 2 + (5 - -3))) + -5?
-5
52 + 0 - (2474 + -2382)
-40
Calculate 6 - 16 - (61 - (-42 + 113)).
0
-27 + (-9 - (-41 - -33) - 32)
-60
What is the value of (-1 - -2) + 39 + 84 + -25 + -56?
43
What is -23 - -19 - (-338 - -255)?
79
What is the value of (-28 - (7 + -8)) + -40 + 33?
-34
What is (27 - (0 + 24)) + (-6 - 1) + 16?
12
Calculate -55 - (-19 + (12 - (4 - 12)) + -10).
-46
What is the value of -8 - (-10 - (-4 + -2 + 16 + -133))?
-121
((-17 - -42) + -4 - 96) + (-8 - (6 - 1))
-88
What is -145 - -125 - (-2 - 22) - 44?
-40
52 + -22 + 17 + -10
37
Calculate 3 + (1 - (1 + -3) - 65) - (-42 - -37).
-54
Evaluate -6 + (-40 - -74) + -3.
25
What is the value of (45 - 62 - -22) + -26?
-21
Evaluate -76 - -10 - -1 - (-19 - (-6 - 0)).
-52
Calculate -18 + -20 + (-22 - -19) + 82.
41
Evaluate -41 - (4 - (13 + (139 - 39))).
68
Evaluate -96 - (-18 + -184 - -33).
73
Calculate (-8 - 2) + -1 + 0 + -123 + 124 + 69.
59
What is the value of -8 + 14 - (-148 - -105)?
49
What is 46 - (9 + -3) - ((-9 - -29) + -12)?
32
What is the value of -2 + -29 + (510 - 521)?
-42
(-6 - (-7 - -30)) + (31 - 23) + 1
-20
What is the value of 212 - 292 - -46 - (-10 + -1)?
-23
5 + 7 - (-1 + -24 - 32) - -13
82
What is the value of (-39 - -48) + -16 - (5 + -1) - -57?
46
110 - 107 - (-15 + 1)
17
Evaluate 5 + (28 + (-1 - -27) - 17).
42
Calculate -39 + 4 - (93 - 134).
6
What is 18 + (-13 - -20) + (45 - 49)?
21
2 + 7 + -3 + -9 - (-17 - (5 - 7))
12
What is (3 - 75) + 24 + 12?
-36
What is the value of -933 + 950 + -1 + (2 + -3 - 3)?
12
Calculate -9 - (-28 - (5 - 36) - (0 + (-3 - -1))).
-14
(1 - 21) + (57 + -32 + -48 - -30)
-13
Evaluate 42 - (-15 - (-4 + 9) - -13 - -22).
27
(-22 - -19 - -11 - 20) + 74
62
Evaluate 66 - (91 + -110 + 11 + 4 + (-5 - -3)).
72
Evaluate (-433 - -465) + -1 + -33 + (0 - -69).
67
What is -3 + (-22 - ((-29 + 21 - -11) + 0 + -1))?
-27
Calculate -630 - -627 - (-4 - (-1 - -22)).
22
What is the value of -4 - (13 + -1 - (-16 + -7 + 56))?
17
Calculate 0 - (8 - (9 + 1 - (-41 - -44))) - 1.
-2
Evaluate -23 + -20 - (-2 - 81).
40
What is (-64 - 6 - -1) + 0 + 10 + -18 + -2?
-79
What is -73 - (((9 - 0) + 4 + -5 - -7) + -23)?
-65
What is the value of (3 - 6) + 9 + -2?
4
What is 58 - (127 + 23 + -41)?
-51
(-1 - -11) + (-19 + 25 - 10) + 102
108
6 + -13 + 100 + (-41 - -11)
63
-34 + 10 - -41 - 44
-27
Evaluate (42 - -1) + -33 + -4.
6
(-13 - (105 - 128)) + -11 + 1
0
Calculate (8 + (-15 - 10) - (1 - 8)) + 44.
34
What is the value of -96 + 123 + (-22 - 43)?
-38
Calculate 39 + (-48 - -10) + -114.
-113
What is the value of -7 + 4 - 5 - (10 + -3 - 6 - 55)?
46
What is (-15 - -202) + -15 + (-32 - -35 - 26)?
149
What is the value of 56 - (176 - 90) - 55?
-85
Calculate (-39 - (-43 - (-18 + -10))) + -34.
-58
Evaluate 17 + -15 + -18 - 18.
-34
-42 - -24 - (0 + 5 + (1 + 1 - 19))
-6
Calculate -8 - (53 - (6 + 15)).
-40
Evaluate 2 + -6 - (-69 + 172 + -109).
2
Calculate 9 + (9 - (-8 + -28 + 16)).
38
Evaluate (-24 - 1) + -2 + (53 - 24) + -32.
-30
What is the value of 2 + (-9 - (10 + -22)) - (20 - -20)?
-35
Evaluate -45 - (-2 + 2 + -1) - (18 + -43 + 15).
-34
-1 + 11 - 9 - (16 + -21 - (3 - -14))
23
Evaluate -5 + -18 - (6 + -53 - -12).
12
What is the value of 0 + 64 + (13 + -1 + 5 - (116 - 101))?
66
Calculate -6 + (-66 + -18 + 37 - -20).
-33
Evaluate (-59 - (-149 - 42)) + -120.
12
What is (84 + -80 - (10 - (108 - 9))) + (8 - -1)?
102
Calculate -48 - (-4 - -28 - 78).
6
What is -79 + (-12 - -2) + 45 + -31 + 6?
-69
What is 134 + 11 - (-1 - (-6 - (5 + 4)))?
131
Calculate -53 - (-1 - 1 - ((3 - -1) + 16 + -14)).
-45
What is (0 - -10) + 8 + 6 + -5 + -2 + 12?
29
Calculate 12 - (-15 - ((16 - 25) + 6 - 1) - -1).
22
19 - (-7 - (-72 - (17 + -19)))
-44
Evaluate (-11 + 6 - -7) + (-46 - -45) - (-30 + 4).
27
What is the value of 18 - 3 - (-44 + 46)?
13
Calculate 3 + 32 + -25 + 1 + 1 - 7.
5
Calculate -10 + -18 + 10 + 34 + -16.
0
Calculate 11 - -21 - (17 - (-8 - -49)).
56
36 + -174 + 109 + (-6 - 1)
-36
What is the value of -1 - 9 - (5 + -1 + (-98 - (-47 - 51)))?
-14
What is the value of -60 + 94 + 106 + -252?
-112
Calculate (-50 - (-13 - 8)) + 41.
12
Evaluate (-27 - 37) + (-7 - 6) + -14.
-91
What is the value of 2 + 2 + 0 + (-61 - (-22 - 47)) - 54?
-42
What is the value of 20 + (147 - 94) - (-6 - (3 + 0))?
82
What is the value of 3 - (11 + 0) - (579 - 530)?
-57
What is the value of (-138 - -134) + 6 - (-24 - -1)?
25
What is the value of -1 + -1 - (-5 + -11 + -12 - (1 - 13))?
14
31 - 0 - (-670 - -643 - (0 + -12))
46
Calculate (-155 - -69) + (2 - (-2 - 4)) - (-7 + 15).
-86
Calculate 8 - (-17 - (-13 + 4)) - (-10 + 10 + -98).
114
Evaluate 6901 - 6924 - (-54 - 1).
32
What is the value of (1 - (22 - 0)) + -19893 + 19921?
7
-5 + (-12 + (17 - -2) - -53) + 10 + 1
66
Calculate -5 - (-125 + (205 - 110) - (-18 - 1)).
6
-92 + 80 + (32 - 67)
-47
What is -16 + 66 - (-4 + 23 + -10)?
41
What is 21 + -28 + 23 + -11 - ((-2 - 1) + 9)?
-1
What is the value of (78 - 54 - (-10 + 32)) + (0 - -12)?
14
19 + 17 + -3 + (-5 - -6)
34
Evaluate -28 - (-63 - (-63 + -19)).
-47
Evaluate 8 + 1 + (8619 - 8781) + 0 + 30 + 1.
-122
Calculate (-1 - 5) + (50 - (-20 + 23)) + -5.
36
Evaluate -33 + -1 + 2 + (-133 + 82 - -58).
-25
Calculate (-30 - -38) + (-119 - 14).
-125
Evaluate -22 + 2 + (41 - (7 + 6)) - (8 + -1).
1
Evaluate -109 - (-10 - -29 - -16 - 71).
-73
(15 + -10 + -5 - -20) + 53
73
Evaluate 3 + -18 - 32 - -33.
-14
What is -32 - (-28 + (-37 - -24) + 64)?
-55
Evaluate 0 + -2 + 0 + (985 - 991) + 47.
39
Calculate -80 - (-27 - 21 - 17).
-15
(-1 - 3) + (-56 - -37 - 19) + 82 - -7
47
What is the value of -7 - 40 - -48 - (-112 + 1 + -2 + 3)?
111
What is the value of 24 + (-57 + 55 - (2 + 0 + 2 - 4))?
22
What is the value of (19 + 3 - 13) + -62 - (-3 + -4 + 3)?
-49
69 - 6 - (-66 - -16 - -30)
83
58 + (-58 - 2 - 10)
-12
What is -36 - -105 - ((13 - 10) + 5 + 0 + -4)?
65
Calculate 84 - ((77 - 86) + 109).
-16
Calculate (-7 - 2) + (1 - 2) + (3200 - 3201) + 28.
17
Calculate -54 - (-15 + (-152 - -59)).
54
Evaluate 1 - (-7 + -16 + 1 + 28 + -4).
-1
What is 17 + -4 - (-10 - (-17 - (5 + -8)))?
9
Calculate 0 - (15 + -12 + -19 - -26 - (30 + 0)).
20
Evaluate (-2 - 20) + -117 + 128.
-11
Evaluate 0 + 31 - (91 + -76) - -6.
22
(12 - 2 - (167 + -183) - -67) + (7 - 3)
97
What is the value of -53 - 22 - (-43 + -12)?
-20
What is the value of 3624 + -3625 - (-2 - (-2 - 10)) - -96?
85
Calculate 144 + 2 + (134 - 99 - 62).
119
Calculate -92 + -3 + (1108 - 1110).
-97
What is the value of 61 + 50 - (-21 - -10 - -14 - -9)?
99
What is the value of -44 + 55 + 74 + -13 + -3 + 19?
88
What is -2 - (-26 - (0 - (1 + 22 + -7)))?
8
(-21 - -1) + (2 - -5) + (2 - 25 - -10)
-26
Calculate -81 + -153 + 140 + (5 + 3 - -3).
-83
Evaluate -21 + -43 + 70 + (3 - -22).
31
What is the value of -22 - ((9 - 8) + (11 + -4 + -8 - -3))?
-25
(8 - 73 - (-28 + 8)) + 18
-27
What is (2 - 0) + -28 - (-96 + 103)?
-33
What is 73586 + -73623 + (-3 - (2 + -2))?
-40
-4 + 90 - 5 - 141
-60
What is (-47 - 0) + (461 - 465) + 29?
-22
What is 58 - ((-27 - -158) + -71)?
-2
Evaluate 16 - (24 + -12 + (11 - 1)).
-6
What is the value of 22150 + -22083 - ((0 - -21) + 1)?
45
Evaluate (-3 - -1) + 5 + -13 + -13 + 7 - -10.
-6
-46 + (-11 - (-5 - 0)) + (8 - 9 - -3)
-50
Calculate -2 + -113 - -2 - -6 - (-378 + 373).
-102
What is the value of -17 + 17 + -58 + 66?
8
Calculate 16 - ((-15 - (20 - 20)) + 20).
11
Evaluate 8 + -114 + -51 + 16 + 34.
-107
21 + 4 - 59 - -32
-2
Calculate (-1 - 2 - -106) + (-9 - ((1 - 9) + 12)).
90
What is 116 + 2 - (3609 + -3378)?
-113
-6 + (-58 + 20 - -28) - -7
-9
What is the value of 6 - 54 - (-4 - 0) - (-34 + (58 - 28))?
-40
What is the value of -36 - 5 - (4 + 25 + -16 - 5)?
-49
Calculate -11 - (9 - 1 - ((-169 - -11) + 78)).
-99
19 + -58 + 41 - -108 - 17
93
Evaluate 42 + -1 - 0 - ((43 - 43) + (-4 - 4)).
49
Calculate 103 - -23 - 237 - -106.
-5
Evaluate 7